{"id":82815,"date":"2025-11-17T08:27:17","date_gmt":"2025-11-17T07:27:17","guid":{"rendered":"https:\/\/pro-one.ch\/produkte\/abdeckvlies-plus\/"},"modified":"2026-05-11T16:11:41","modified_gmt":"2026-05-11T14:11:41","slug":"proone-abdeckvlies-standard-pro-180gm2","status":"publish","type":"product","link":"https:\/\/archive.dev-proone.ch\/de\/produkte\/proone-abdeckvlies-standard-pro-180gm2\/","title":{"rendered":"ProOne Abdeckvlies STANDARD PRO  180g\/m2"},"content":{"rendered":"<p>&#8222;SELBSTHAFTENDES ABDECKVLIES 180g\/m2<\/p>\n<p>\u2022 Geeignet f\u00fcr verschiedene Bodenbel\u00e4ge (von hart bis weich)<br \/>\n\u2022 Selbstklebende Unterseite f\u00fcr eine sichere Arbeitsumgebung<br \/>\n\u2022 Rolle 50 x 1 m<\/p>\n<p>ProOne Schutz- und Abdeckvlies STANDARD ist f\u00fcr<br \/>\nfrisch verlegte B\u00f6den, por\u00f6se Steinb\u00f6den und<br \/>\nTonplatten nicht geeignet. Hier empfehlen wir das<br \/>\nPROONE ACTIVE 180g\/m2&#8220;<\/p>\n","protected":false},"excerpt":{"rendered":"<p>&#8222;SELBSTHAFTENDES ABDECKVLIES 180g\/m2<\/p>\n<p>\u2022 Geeignet f\u00fcr verschiedene Bodenbel\u00e4ge (von hart bis weich)<br \/>\n\u2022 Selbstklebende Unterseite f\u00fcr eine sichere Arbeitsumgebung<br \/>\n\u2022 Rolle 50 x 1 m<\/p>\n<p>ProOne Schutz- und Abdeckvlies STANDARD ist f\u00fcr<br \/>\nfrisch verlegte B\u00f6den, por\u00f6se Steinb\u00f6den und<br \/>\nTonplatten nicht geeignet. Hier empfehlen wir das<br \/>\nPROONE ACTIVE 180g\/m2&#8220;<\/p>\n","protected":false},"featured_media":87527,"template":"","meta":[],"product_brand":[],"product_cat":[48],"product_tag":[],"class_list":["post-82815","product","type-product","status-publish","has-post-thumbnail","product_cat-baustoffe","first","instock","purchasable","product-type-simple"],"yoast_head":"<!-- This site is optimized with the Yoast SEO plugin v28.3 - https:\/\/yoast.com\/product\/yoast-seo-wordpress\/ -->\n<title>ProOne Abdeckvlies STANDARD PRO 180g\/m2 - proone<\/title>\n<meta name=\"robots\" content=\"index, follow, max-snippet:-1, max-image-preview:large, max-video-preview:-1\" \/>\n<link rel=\"canonical\" href=\"https:\/\/archive.dev-proone.ch\/de\/produkte\/proone-abdeckvlies-standard-pro-180gm2\/\" \/>\n<meta property=\"og:locale\" content=\"de_DE\" \/>\n<meta property=\"og:type\" content=\"article\" \/>\n<meta property=\"og:title\" content=\"ProOne Abdeckvlies STANDARD PRO 180g\/m2 - proone\" \/>\n<meta property=\"og:description\" content=\"&quot;SELBSTHAFTENDES ABDECKVLIES 180g\/m2  \u2022 Geeignet f\u00fcr verschiedene Bodenbel\u00e4ge (von hart bis weich) \u2022 Selbstklebende Unterseite f\u00fcr eine sichere Arbeitsumgebung \u2022 Rolle 50 x 1 m  ProOne Schutz- und Abdeckvlies STANDARD ist f\u00fcr frisch verlegte B\u00f6den, por\u00f6se Steinb\u00f6den und Tonplatten nicht geeignet. Hier empfehlen wir das PROONE ACTIVE 180g\/m2&quot;\" \/>\n<meta property=\"og:url\" content=\"https:\/\/archive.dev-proone.ch\/de\/produkte\/proone-abdeckvlies-standard-pro-180gm2\/\" \/>\n<meta property=\"og:site_name\" content=\"proone\" \/>\n<meta property=\"article:modified_time\" content=\"2026-05-11T14:11:41+00:00\" \/>\n<meta property=\"og:image\" content=\"https:\/\/archive.dev-proone.ch\/wp-content\/uploads\/products\/9224998-scaled.jpg\" \/>\n\t<meta property=\"og:image:width\" content=\"646\" \/>\n\t<meta property=\"og:image:height\" content=\"2560\" \/>\n\t<meta property=\"og:image:type\" content=\"image\/jpeg\" \/>\n<meta name=\"twitter:card\" content=\"summary_large_image\" \/>\n<meta name=\"twitter:label1\" content=\"Gesch\u00e4tzte Lesezeit\" \/>\n\t<meta name=\"twitter:data1\" content=\"1\u00a0Minute\" \/>\n<script type=\"application\/ld+json\" class=\"yoast-schema-graph\">{\"@context\":\"https:\\\/\\\/schema.org\",\"@graph\":[{\"@type\":\"WebPage\",\"@id\":\"https:\\\/\\\/archive.dev-proone.ch\\\/de\\\/produkte\\\/proone-abdeckvlies-standard-pro-180gm2\\\/\",\"url\":\"https:\\\/\\\/archive.dev-proone.ch\\\/de\\\/produkte\\\/proone-abdeckvlies-standard-pro-180gm2\\\/\",\"name\":\"ProOne Abdeckvlies STANDARD PRO 180g\\\/m2 - proone\",\"isPartOf\":{\"@id\":\"https:\\\/\\\/archive.dev-proone.ch\\\/de\\\/#website\"},\"primaryImageOfPage\":{\"@id\":\"https:\\\/\\\/archive.dev-proone.ch\\\/de\\\/produkte\\\/proone-abdeckvlies-standard-pro-180gm2\\\/#primaryimage\"},\"image\":{\"@id\":\"https:\\\/\\\/archive.dev-proone.ch\\\/de\\\/produkte\\\/proone-abdeckvlies-standard-pro-180gm2\\\/#primaryimage\"},\"thumbnailUrl\":\"https:\\\/\\\/archive.dev-proone.ch\\\/wp-content\\\/uploads\\\/products\\\/9224998-scaled.jpg\",\"datePublished\":\"2025-11-17T07:27:17+00:00\",\"dateModified\":\"2026-05-11T14:11:41+00:00\",\"breadcrumb\":{\"@id\":\"https:\\\/\\\/archive.dev-proone.ch\\\/de\\\/produkte\\\/proone-abdeckvlies-standard-pro-180gm2\\\/#breadcrumb\"},\"inLanguage\":\"de\",\"potentialAction\":[{\"@type\":\"ReadAction\",\"target\":[\"https:\\\/\\\/archive.dev-proone.ch\\\/de\\\/produkte\\\/proone-abdeckvlies-standard-pro-180gm2\\\/\"]}]},{\"@type\":\"ImageObject\",\"inLanguage\":\"de\",\"@id\":\"https:\\\/\\\/archive.dev-proone.ch\\\/de\\\/produkte\\\/proone-abdeckvlies-standard-pro-180gm2\\\/#primaryimage\",\"url\":\"https:\\\/\\\/archive.dev-proone.ch\\\/wp-content\\\/uploads\\\/products\\\/9224998-scaled.jpg\",\"contentUrl\":\"https:\\\/\\\/archive.dev-proone.ch\\\/wp-content\\\/uploads\\\/products\\\/9224998-scaled.jpg\",\"width\":646,\"height\":2560},{\"@type\":\"BreadcrumbList\",\"@id\":\"https:\\\/\\\/archive.dev-proone.ch\\\/de\\\/produkte\\\/proone-abdeckvlies-standard-pro-180gm2\\\/#breadcrumb\",\"itemListElement\":[{\"@type\":\"ListItem\",\"position\":1,\"name\":\"Accueil\",\"item\":\"https:\\\/\\\/archive.dev-proone.ch\\\/de\\\/\"},{\"@type\":\"ListItem\",\"position\":2,\"name\":\"Sortiment\",\"item\":\"https:\\\/\\\/archive.dev-proone.ch\\\/de\\\/sortiment\\\/\"},{\"@type\":\"ListItem\",\"position\":3,\"name\":\"ProOne Abdeckvlies STANDARD PRO 180g\\\/m2\"}]},{\"@type\":\"WebSite\",\"@id\":\"https:\\\/\\\/archive.dev-proone.ch\\\/de\\\/#website\",\"url\":\"https:\\\/\\\/archive.dev-proone.ch\\\/de\\\/\",\"name\":\"proone\",\"description\":\"\",\"potentialAction\":[{\"@type\":\"SearchAction\",\"target\":{\"@type\":\"EntryPoint\",\"urlTemplate\":\"https:\\\/\\\/archive.dev-proone.ch\\\/de\\\/?s={search_term_string}\"},\"query-input\":{\"@type\":\"PropertyValueSpecification\",\"valueRequired\":true,\"valueName\":\"search_term_string\"}}],\"inLanguage\":\"de\"}]}<\/script>\n<!-- \/ Yoast SEO plugin. -->","yoast_head_json":{"title":"ProOne Abdeckvlies STANDARD PRO 180g\/m2 - proone","robots":{"index":"index","follow":"follow","max-snippet":"max-snippet:-1","max-image-preview":"max-image-preview:large","max-video-preview":"max-video-preview:-1"},"canonical":"https:\/\/archive.dev-proone.ch\/de\/produkte\/proone-abdeckvlies-standard-pro-180gm2\/","og_locale":"de_DE","og_type":"article","og_title":"ProOne Abdeckvlies STANDARD PRO 180g\/m2 - proone","og_description":"\"SELBSTHAFTENDES ABDECKVLIES 180g\/m2  \u2022 Geeignet f\u00fcr verschiedene Bodenbel\u00e4ge (von hart bis weich) \u2022 Selbstklebende Unterseite f\u00fcr eine sichere Arbeitsumgebung \u2022 Rolle 50 x 1 m  ProOne Schutz- und Abdeckvlies STANDARD ist f\u00fcr frisch verlegte B\u00f6den, por\u00f6se Steinb\u00f6den und Tonplatten nicht geeignet. Hier empfehlen wir das PROONE ACTIVE 180g\/m2\"","og_url":"https:\/\/archive.dev-proone.ch\/de\/produkte\/proone-abdeckvlies-standard-pro-180gm2\/","og_site_name":"proone","article_modified_time":"2026-05-11T14:11:41+00:00","og_image":[{"width":646,"height":2560,"url":"https:\/\/archive.dev-proone.ch\/wp-content\/uploads\/products\/9224998-scaled.jpg","type":"image\/jpeg"}],"twitter_card":"summary_large_image","twitter_misc":{"Gesch\u00e4tzte Lesezeit":"1\u00a0Minute"},"schema":{"@context":"https:\/\/schema.org","@graph":[{"@type":"WebPage","@id":"https:\/\/archive.dev-proone.ch\/de\/produkte\/proone-abdeckvlies-standard-pro-180gm2\/","url":"https:\/\/archive.dev-proone.ch\/de\/produkte\/proone-abdeckvlies-standard-pro-180gm2\/","name":"ProOne Abdeckvlies STANDARD PRO 180g\/m2 - proone","isPartOf":{"@id":"https:\/\/archive.dev-proone.ch\/de\/#website"},"primaryImageOfPage":{"@id":"https:\/\/archive.dev-proone.ch\/de\/produkte\/proone-abdeckvlies-standard-pro-180gm2\/#primaryimage"},"image":{"@id":"https:\/\/archive.dev-proone.ch\/de\/produkte\/proone-abdeckvlies-standard-pro-180gm2\/#primaryimage"},"thumbnailUrl":"https:\/\/archive.dev-proone.ch\/wp-content\/uploads\/products\/9224998-scaled.jpg","datePublished":"2025-11-17T07:27:17+00:00","dateModified":"2026-05-11T14:11:41+00:00","breadcrumb":{"@id":"https:\/\/archive.dev-proone.ch\/de\/produkte\/proone-abdeckvlies-standard-pro-180gm2\/#breadcrumb"},"inLanguage":"de","potentialAction":[{"@type":"ReadAction","target":["https:\/\/archive.dev-proone.ch\/de\/produkte\/proone-abdeckvlies-standard-pro-180gm2\/"]}]},{"@type":"ImageObject","inLanguage":"de","@id":"https:\/\/archive.dev-proone.ch\/de\/produkte\/proone-abdeckvlies-standard-pro-180gm2\/#primaryimage","url":"https:\/\/archive.dev-proone.ch\/wp-content\/uploads\/products\/9224998-scaled.jpg","contentUrl":"https:\/\/archive.dev-proone.ch\/wp-content\/uploads\/products\/9224998-scaled.jpg","width":646,"height":2560},{"@type":"BreadcrumbList","@id":"https:\/\/archive.dev-proone.ch\/de\/produkte\/proone-abdeckvlies-standard-pro-180gm2\/#breadcrumb","itemListElement":[{"@type":"ListItem","position":1,"name":"Accueil","item":"https:\/\/archive.dev-proone.ch\/de\/"},{"@type":"ListItem","position":2,"name":"Sortiment","item":"https:\/\/archive.dev-proone.ch\/de\/sortiment\/"},{"@type":"ListItem","position":3,"name":"ProOne Abdeckvlies STANDARD PRO 180g\/m2"}]},{"@type":"WebSite","@id":"https:\/\/archive.dev-proone.ch\/de\/#website","url":"https:\/\/archive.dev-proone.ch\/de\/","name":"proone","description":"","potentialAction":[{"@type":"SearchAction","target":{"@type":"EntryPoint","urlTemplate":"https:\/\/archive.dev-proone.ch\/de\/?s={search_term_string}"},"query-input":{"@type":"PropertyValueSpecification","valueRequired":true,"valueName":"search_term_string"}}],"inLanguage":"de"}]}},"_links":{"self":[{"href":"https:\/\/archive.dev-proone.ch\/de\/wp-json\/wp\/v2\/product\/82815","targetHints":{"allow":["GET"]}}],"collection":[{"href":"https:\/\/archive.dev-proone.ch\/de\/wp-json\/wp\/v2\/product"}],"about":[{"href":"https:\/\/archive.dev-proone.ch\/de\/wp-json\/wp\/v2\/types\/product"}],"wp:featuredmedia":[{"embeddable":true,"href":"https:\/\/archive.dev-proone.ch\/de\/wp-json\/wp\/v2\/media\/87527"}],"wp:attachment":[{"href":"https:\/\/archive.dev-proone.ch\/de\/wp-json\/wp\/v2\/media?parent=82815"}],"wp:term":[{"taxonomy":"product_brand","embeddable":true,"href":"https:\/\/archive.dev-proone.ch\/de\/wp-json\/wp\/v2\/product_brand?post=82815"},{"taxonomy":"product_cat","embeddable":true,"href":"https:\/\/archive.dev-proone.ch\/de\/wp-json\/wp\/v2\/product_cat?post=82815"},{"taxonomy":"product_tag","embeddable":true,"href":"https:\/\/archive.dev-proone.ch\/de\/wp-json\/wp\/v2\/product_tag?post=82815"}],"curies":[{"name":"wp","href":"https:\/\/api.w.org\/{rel}","templated":true}]}}

<p>&#8222;SELBSTHAFTENDES ABDECKVLIES 180g/m2</p>
<p>• Geeignet für verschiedene Bodenbeläge (von hart bis weich)<br />
• Selbstklebende Unterseite für eine sichere Arbeitsumgebung<br />
• Rolle 50 x 1 m</p>
<p>ProOne Schutz- und Abdeckvlies STANDARD ist für<br />
frisch verlegte Böden, poröse Steinböden und<br />
Tonplatten nicht geeignet. Hier empfehlen wir das<br />
PROONE ACTIVE 180g/m2&#8220;</p>

<!-- This site is optimized with the Yoast SEO plugin v28.3 - https://yoast.com/product/yoast-seo-wordpress/ -->
<title>ProOne Abdeckvlies STANDARD PRO 180g/m2 - proone</title>
<meta name="robots" content="index, follow, max-snippet:-1, max-image-preview:large, max-video-preview:-1" />
<link rel="canonical" href="https://archive.dev-proone.ch/de/produkte/proone-abdeckvlies-standard-pro-180gm2/" />
<meta property="og:locale" content="de_DE" />
<meta property="og:type" content="article" />
<meta property="og:title" content="ProOne Abdeckvlies STANDARD PRO 180g/m2 - proone" />
<meta property="og:description" content="&quot;SELBSTHAFTENDES ABDECKVLIES 180g/m2  • Geeignet für verschiedene Bodenbeläge (von hart bis weich) • Selbstklebende Unterseite für eine sichere Arbeitsumgebung • Rolle 50 x 1 m  ProOne Schutz- und Abdeckvlies STANDARD ist für frisch verlegte Böden, poröse Steinböden und Tonplatten nicht geeignet. Hier empfehlen wir das PROONE ACTIVE 180g/m2&quot;" />
<meta property="og:url" content="https://archive.dev-proone.ch/de/produkte/proone-abdeckvlies-standard-pro-180gm2/" />
<meta property="og:site_name" content="proone" />
<meta property="article:modified_time" content="2026-05-11T14:11:41+00:00" />
<meta property="og:image" content="https://archive.dev-proone.ch/wp-content/uploads/products/9224998-scaled.jpg" />
	<meta property="og:image:width" content="646" />
	<meta property="og:image:height" content="2560" />
	<meta property="og:image:type" content="image/jpeg" />
<meta name="twitter:card" content="summary_large_image" />
<meta name="twitter:label1" content="Geschätzte Lesezeit" />
	<meta name="twitter:data1" content="1 Minute" />
<script type="application/ld+json" class="yoast-schema-graph">{"@context":"https:\/\/schema.org","@graph":[{"@type":"WebPage","@id":"https:\/\/archive.dev-proone.ch\/de\/produkte\/proone-abdeckvlies-standard-pro-180gm2\/","url":"https:\/\/archive.dev-proone.ch\/de\/produkte\/proone-abdeckvlies-standard-pro-180gm2\/","name":"ProOne Abdeckvlies STANDARD PRO 180g\/m2 - proone","isPartOf":{"@id":"https:\/\/archive.dev-proone.ch\/de\/#website"},"primaryImageOfPage":{"@id":"https:\/\/archive.dev-proone.ch\/de\/produkte\/proone-abdeckvlies-standard-pro-180gm2\/#primaryimage"},"image":{"@id":"https:\/\/archive.dev-proone.ch\/de\/produkte\/proone-abdeckvlies-standard-pro-180gm2\/#primaryimage"},"thumbnailUrl":"https:\/\/archive.dev-proone.ch\/wp-content\/uploads\/products\/9224998-scaled.jpg","datePublished":"2025-11-17T07:27:17+00:00","dateModified":"2026-05-11T14:11:41+00:00","breadcrumb":{"@id":"https:\/\/archive.dev-proone.ch\/de\/produkte\/proone-abdeckvlies-standard-pro-180gm2\/#breadcrumb"},"inLanguage":"de","potentialAction":[{"@type":"ReadAction","target":["https:\/\/archive.dev-proone.ch\/de\/produkte\/proone-abdeckvlies-standard-pro-180gm2\/"]}]},{"@type":"ImageObject","inLanguage":"de","@id":"https:\/\/archive.dev-proone.ch\/de\/produkte\/proone-abdeckvlies-standard-pro-180gm2\/#primaryimage","url":"https:\/\/archive.dev-proone.ch\/wp-content\/uploads\/products\/9224998-scaled.jpg","contentUrl":"https:\/\/archive.dev-proone.ch\/wp-content\/uploads\/products\/9224998-scaled.jpg","width":646,"height":2560},{"@type":"BreadcrumbList","@id":"https:\/\/archive.dev-proone.ch\/de\/produkte\/proone-abdeckvlies-standard-pro-180gm2\/#breadcrumb","itemListElement":[{"@type":"ListItem","position":1,"name":"Accueil","item":"https:\/\/archive.dev-proone.ch\/de\/"},{"@type":"ListItem","position":2,"name":"Sortiment","item":"https:\/\/archive.dev-proone.ch\/de\/sortiment\/"},{"@type":"ListItem","position":3,"name":"ProOne Abdeckvlies STANDARD PRO 180g\/m2"}]},{"@type":"WebSite","@id":"https:\/\/archive.dev-proone.ch\/de\/#website","url":"https:\/\/archive.dev-proone.ch\/de\/","name":"proone","description":"","potentialAction":[{"@type":"SearchAction","target":{"@type":"EntryPoint","urlTemplate":"https:\/\/archive.dev-proone.ch\/de\/?s={search_term_string}"},"query-input":{"@type":"PropertyValueSpecification","valueRequired":true,"valueName":"search_term_string"}}],"inLanguage":"de"}]}</script>
<!-- / Yoast SEO plugin. -->

"SELBSTHAFTENDES ABDECKVLIES 180g/m2  • Geeignet für verschiedene Bodenbeläge (von hart bis weich) • Selbstklebende Unterseite für eine sichere Arbeitsumgebung • Rolle 50 x 1 m  ProOne Schutz- und Abdeckvlies STANDARD ist für frisch verlegte Böden, poröse Steinböden und Tonplatten nicht geeignet. Hier empfehlen wir das PROONE ACTIVE 180g/m2"
